{"id":2,"date":"2019-03-23T08:30:17","date_gmt":"2019-03-23T08:30:17","guid":{"rendered":"http:\/\/www.feuerwehr-wiesendangen.ch\/lokal\/?page_id=2"},"modified":"2022-05-12T00:51:05","modified_gmt":"2022-05-11T22:51:05","slug":"","status":"publish","type":"page","link":"https:\/\/feuerwehr-wiesendangen.ch\/lokal\/","title":{"rendered":"Herzlich Willkommen"},"content":{"rendered":"\n<p class=\"wp-block-paragraph\">Mit dieser Informationsseite m\u00f6chten wir Ihnen als Stimmb\u00fcrger*in und Bewohner*in von Wiesendangen das Projekt &#8220;Umbau \/ Erweiterung Feuerwehrlokal Wiesendangen&#8221; n\u00e4her bringen.<\/p>\n\n\n\n<p class=\"wp-block-paragraph\">Mit dem deutlichen Ja an der <a rel=\"noreferrer noopener\" aria-label=\"Urnenabstimmung vom 1.9.2019 (\u00f6ffnet in neuem Tab)\" href=\"http:\/\/www.wiesendangen.ch\/de\/aktuelles\/aktuellesinformationen\/?action=showinfo&amp;info_id=759463\" target=\"_blank\">Urnenabstimmung vom 1.9.2019<\/a> geht das Projekt nun einen Schritt weiter. Wir danken der Bev\u00f6lkerung an dieser Stelle f\u00fcr Ihr Vertrauen und ihre Unterst\u00fctzung!<\/p>\n\n\n\n<p class=\"wp-block-paragraph\">Der Umbau konnte nach den Vorbereitungsarbeiten wie geplant starten. Fotos vom Baufortschritt werden unter dem Menupunkt &#8220;<a href=\"https:\/\/feuerwehr-wiesendangen.ch\/lokal\/category\/umbau\/\">Umbau<\/a>&#8221; ver\u00f6ffentlich.<\/p>\n\n\n\n<p class=\"wp-block-paragraph\">Der Bau wurde mittlerweile abgeschlossen und wir konnten per Ende 2021 wieder zur\u00fcck in unser neues, altes Feuerwehr-Lokal.<\/p>\n\n\n\n<p class=\"wp-block-paragraph\">2022 ist es nun an der Zeit, diesen Umbau standesgem\u00e4ss offiziell der Bev\u00f6lkerung vorzustellen. Deshalb werden wir am Samstag, den 7. Mai 2022 ab 13:00 die Tore f\u00fcr die Bev\u00f6lkerung \u00f6ffnen. <\/p>\n\n\n\n<p class=\"wp-block-paragraph\">Und weil so ein Rundgang auch Hunger und Durst verursachen kann, steht Euch unsere Festwirtschaft mit feinen Spiessli, W\u00fcrsten, Kuchen und passenden Getr\u00e4nken bereit.<\/p>\n\n\n\n<p class=\"wp-block-paragraph\">Nebst dem Rundgang steht auch ein Infostand zum Thema \u201cNotfalltreffpunkt\u201d (gem. Flyer) f\u00fcr Fragen bereit.<br>Damit es auch den Kleinen nicht langweilig wird, haben wir einen tollen Kinderplausch vorbereitet!<br>Wir freuen uns, Euch alle Fragen zum neuen Lokal beantworten zu k\u00f6nnen<\/p>\n\n\n\n<p class=\"wp-block-paragraph\">Z\u00f6gern Sie nicht, uns via Kontaktformular anzufragen, sollten Unklarheiten bestehen<\/p>\n\n\n\n<p class=\"wp-block-paragraph\">Freundliche Gr\u00fcsse<br>Ihre Feuerwehr Wiesendangen<\/p>\n","protected":false},"excerpt":{"rendered":"<p>Mit dieser Informationsseite m\u00f6chten wir Ihnen als Stimmb\u00fcrger*in und Bewohner*in von Wiesendangen das Projekt &#8220;Umbau \/ Erweiterung Feuerwehrlokal Wiesendangen&#8221; n\u00e4her bringen. Mit dem deutlichen Ja an der Urnenabstimmung vom 1.9.2019 geht das Projekt nun einen Schritt weiter. Wir danken der Bev\u00f6lkerung an dieser Stelle f\u00fcr Ihr Vertrauen und ihre Unterst\u00fctzung! Der Umbau konnte nach den &hellip; <\/p>\n<p class=\"link-more\"><a href=\"https:\/\/feuerwehr-wiesendangen.ch\/lokal\/\" class=\"more-link\"><span class=\"screen-reader-text\">\u201eHerzlich Willkommen\u201c <\/span>weiterlesen<\/a><\/p>\n","protected":false},"author":1,"featured_media":0,"parent":0,"menu_order":0,"comment_status":"closed","ping_status":"closed","template":"","meta":{"ngg_post_thumbnail":0,"footnotes":""},"class_list":["post-2","page","type-page","status-publish","hentry"],"_links":{"self":[{"href":"https:\/\/feuerwehr-wiesendangen.ch\/lokal\/wp-json\/wp\/v2\/pages\/2","targetHints":{"allow":["GET"]}}],"collection":[{"href":"https:\/\/feuerwehr-wiesendangen.ch\/lokal\/wp-json\/wp\/v2\/pages"}],"about":[{"href":"https:\/\/feuerwehr-wiesendangen.ch\/lokal\/wp-json\/wp\/v2\/types\/page"}],"author":[{"embeddable":true,"href":"https:\/\/feuerwehr-wiesendangen.ch\/lokal\/wp-json\/wp\/v2\/users\/1"}],"replies":[{"embeddable":true,"href":"https:\/\/feuerwehr-wiesendangen.ch\/lokal\/wp-json\/wp\/v2\/comments?post=2"}],"version-history":[{"count":8,"href":"https:\/\/feuerwehr-wiesendangen.ch\/lokal\/wp-json\/wp\/v2\/pages\/2\/revisions"}],"predecessor-version":[{"id":1780,"href":"https:\/\/feuerwehr-wiesendangen.ch\/lokal\/wp-json\/wp\/v2\/pages\/2\/revisions\/1780"}],"wp:attachment":[{"href":"https:\/\/feuerwehr-wiesendangen.ch\/lokal\/wp-json\/wp\/v2\/media?parent=2"}],"curies":[{"name":"wp","href":"https:\/\/api.w.org\/{rel}","templated":true}]}}

<p class="wp-block-paragraph">Mit dieser Informationsseite möchten wir Ihnen als Stimmbürger*in und Bewohner*in von Wiesendangen das Projekt &#8220;Umbau / Erweiterung Feuerwehrlokal Wiesendangen&#8221; näher bringen.</p>



<p class="wp-block-paragraph">Mit dem deutlichen Ja an der <a rel="noreferrer noopener" aria-label="Urnenabstimmung vom 1.9.2019 (öffnet in neuem Tab)" href="http://www.wiesendangen.ch/de/aktuelles/aktuellesinformationen/?action=showinfo&amp;info_id=759463" target="_blank">Urnenabstimmung vom 1.9.2019</a> geht das Projekt nun einen Schritt weiter. Wir danken der Bevölkerung an dieser Stelle für Ihr Vertrauen und ihre Unterstützung!</p>



<p class="wp-block-paragraph">Der Umbau konnte nach den Vorbereitungsarbeiten wie geplant starten. Fotos vom Baufortschritt werden unter dem Menupunkt &#8220;<a href="https://feuerwehr-wiesendangen.ch/lokal/category/umbau/">Umbau</a>&#8221; veröffentlich.</p>



<p class="wp-block-paragraph">Der Bau wurde mittlerweile abgeschlossen und wir konnten per Ende 2021 wieder zurück in unser neues, altes Feuerwehr-Lokal.</p>



<p class="wp-block-paragraph">2022 ist es nun an der Zeit, diesen Umbau standesgemäss offiziell der Bevölkerung vorzustellen. Deshalb werden wir am Samstag, den 7. Mai 2022 ab 13:00 die Tore für die Bevölkerung öffnen. </p>



<p class="wp-block-paragraph">Und weil so ein Rundgang auch Hunger und Durst verursachen kann, steht Euch unsere Festwirtschaft mit feinen Spiessli, Würsten, Kuchen und passenden Getränken bereit.</p>



<p class="wp-block-paragraph">Nebst dem Rundgang steht auch ein Infostand zum Thema “Notfalltreffpunkt” (gem. Flyer) für Fragen bereit.<br>Damit es auch den Kleinen nicht langweilig wird, haben wir einen tollen Kinderplausch vorbereitet!<br>Wir freuen uns, Euch alle Fragen zum neuen Lokal beantworten zu können</p>



<p class="wp-block-paragraph">Zögern Sie nicht, uns via Kontaktformular anzufragen, sollten Unklarheiten bestehen</p>



<p class="wp-block-paragraph">Freundliche Grüsse<br>Ihre Feuerwehr Wiesendangen</p>

<p>Mit dieser Informationsseite möchten wir Ihnen als Stimmbürger*in und Bewohner*in von Wiesendangen das Projekt &#8220;Umbau / Erweiterung Feuerwehrlokal Wiesendangen&#8221; näher bringen. Mit dem deutlichen Ja an der Urnenabstimmung vom 1.9.2019 geht das Projekt nun einen Schritt weiter. Wir danken der Bevölkerung an dieser Stelle für Ihr Vertrauen und ihre Unterstützung! Der Umbau konnte nach den &hellip; </p>
<p class="link-more"><a href="https://feuerwehr-wiesendangen.ch/lokal/" class="more-link"><span class="screen-reader-text">„Herzlich Willkommen“ </span>weiterlesen</a></p>
